{"id":1214,"date":"2024-02-11T10:55:01","date_gmt":"2024-02-11T13:55:01","guid":{"rendered":"https:\/\/verumgrupo.com.br\/reduza-as-suas-dividas-bancarias\/?page_id=1214"},"modified":"2024-03-19T09:54:19","modified_gmt":"2024-03-19T12:54:19","slug":"cadastro-empresarial-2","status":"publish","type":"page","link":"https:\/\/verumgrupo.com.br\/reduza-as-suas-dividas-bancarias\/cadastro-empresarial-2\/","title":{"rendered":"Cadastro Empresarial 2"},"content":{"rendered":"\t\t<div data-elementor-type=\"wp-page\" data-elementor-id=\"1214\" class=\"elementor elementor-1214\" data-elementor-post-type=\"page\">\n\t\t\t\t\t\t<section class=\"elementor-section elementor-top-section elementor-element elementor-element-6d75f82 elementor-section-boxed elementor-section-height-default elementor-section-height-default\" data-id=\"6d75f82\" data-element_type=\"section\" data-e-type=\"section\" data-settings=\"{&quot;background_background&quot;:&quot;classic&quot;}\">\n\t\t\t\t\t\t<div class=\"elementor-container elementor-column-gap-default\">\n\t\t\t\t\t<div class=\"elementor-column elementor-col-100 elementor-top-column elementor-element elementor-element-256a0c7\" data-id=\"256a0c7\" data-element_type=\"column\" data-e-type=\"column\">\n\t\t\t<div class=\"elementor-widget-wrap elementor-element-populated\">\n\t\t\t\t\t\t<div class=\"elementor-element elementor-element-c1ae731 elementor-widget elementor-widget-heading\" data-id=\"c1ae731\" data-element_type=\"widget\" data-e-type=\"widget\" data-widget_type=\"heading.default\">\n\t\t\t\t<div class=\"elementor-widget-container\">\n\t\t\t\t\t<h2 class=\"elementor-heading-title elementor-size-default\">CADASTRO<\/h2>\t\t\t\t<\/div>\n\t\t\t\t<\/div>\n\t\t\t\t<div class=\"elementor-element elementor-element-60ffc4d elementor-widget elementor-widget-text-editor\" data-id=\"60ffc4d\" data-element_type=\"widget\" data-e-type=\"widget\" data-widget_type=\"text-editor.default\">\n\t\t\t\t<div class=\"elementor-widget-container\">\n\t\t\t\t\t\t\t\t\t<p><strong>ATEN\u00c7\u00c3O<\/strong> Nossa empresa n\u00e3o realiza empr\u00e9stimos e s\u00f3 atendemos casos com D\u00cdVIDAS BANC\u00c1RIAS<br \/>maiores que 500 mil reais.<\/p>\t\t\t\t\t\t\t\t<\/div>\n\t\t\t\t<\/div>\n\t\t\t\t\t<\/div>\n\t\t<\/div>\n\t\t\t\t\t<\/div>\n\t\t<\/section>\n\t\t\t\t<section class=\"elementor-section elementor-top-section elementor-element elementor-element-c017c30 elementor-section-boxed elementor-section-height-default elementor-section-height-default\" data-id=\"c017c30\" data-element_type=\"section\" data-e-type=\"section\">\n\t\t\t\t\t\t<div class=\"elementor-container elementor-column-gap-default\">\n\t\t\t\t\t<div class=\"elementor-column elementor-col-100 elementor-top-column elementor-element elementor-element-713dc2a\" data-id=\"713dc2a\" data-element_type=\"column\" data-e-type=\"column\" data-settings=\"{&quot;background_background&quot;:&quot;classic&quot;}\">\n\t\t\t<div class=\"elementor-widget-wrap elementor-element-populated\">\n\t\t\t\t\t\t<div class=\"elementor-element elementor-element-16a075c elementor-widget elementor-widget-jet-form-builder-form\" data-id=\"16a075c\" data-element_type=\"widget\" data-e-type=\"widget\" data-widget_type=\"jet-form-builder-form.default\">\n\t\t\t\t<div class=\"elementor-widget-container\">\n\t\t\t\t\t<link rel='stylesheet' id='wp-block-library-css' href='https:\/\/verumgrupo.com.br\/reduza-as-suas-dividas-bancarias\/wp-includes\/css\/dist\/block-library\/style.css?ver=6.8.5' media='all' \/>\n<style id=\"jet-form-builder-1478-inline-css\"><\/style><form  class=\"jet-form-builder layout-column submit-type-reload\" action=\"https:\/\/verumgrupo.com.br\/reduza-as-suas-dividas-bancarias\/wp-json\/wp\/v2\/pages\/1214\/?UXA9f9=UUfmF4ehQk&amp;method=reload\" method=\"POST\" data-form-id=\"1478\" data-layout=\"column\" enctype=\"multipart\/form-data\" novalidate=\"null\" ssr_validation_method=\"rest\">\r\n<input type=\"hidden\" name=\"_jfb_current_render_states[]\" value=\"DEFAULT.STATE\" data-jfb-sync \/><input type=\"hidden\" class=\"jet-form-builder__field hidden-field\" name=\"_jet_engine_booking_form_id\" data-field-name=\"_jet_engine_booking_form_id\" value=\"1478\">\n<input type=\"hidden\" class=\"jet-form-builder__field hidden-field\" name=\"_jet_engine_refer\" data-field-name=\"_jet_engine_refer\" value=\"https:\/\/verumgrupo.com.br\/reduza-as-suas-dividas-bancarias\/wp-json\/wp\/v2\/pages\/1214\/\">\n<input type=\"hidden\" class=\"jet-form-builder__field hidden-field\" name=\"__queried_post_id\" data-field-name=\"__queried_post_id\" value=\"1214\">\n\n<input type=\"hidden\" class=\"jet-form-builder__field hidden-field\" name=\"post_id\" data-field-name=\"post_id\" data-jfb-sync=\"null\" value=\"1214\">\n\n\n\n<div  class=\"jet-form-builder-row field-type-radio-field wp-block-jet-forms-radio-field\">\n<div class=\"jet-form-builder__label\">\r\n<div class=\"jet-form-builder__label-text\">Selecione valor da sua d\u00edvida <span class=\"jet-form-builder__required\">*<\/span><\/div><\/div><div class=\"jet-form-builder__fields-group checkradio-wrap\" data-jfb-sync><div class=\"jet-form-builder__field-wrap radio-wrap checkradio-wrap\"><label class=\"jet-form-builder__field-label for-radio\">\n<input type=\"radio\" name=\"tipo_divida\" value=\"maior_1mi\" data-field-name=\"tipo_divida\"  class=\"jet-form-builder__field radio-field checkradio-field\" required=\"required\"><span>D\u00edvida maior que R$ 1 milh\u00e3o<\/span><\/label><\/div><div class=\"jet-form-builder__field-wrap radio-wrap checkradio-wrap\"><label class=\"jet-form-builder__field-label for-radio\">\n<input type=\"radio\" name=\"tipo_divida\" value=\"maior_3mi\" data-field-name=\"tipo_divida\"  class=\"jet-form-builder__field radio-field checkradio-field\" required=\"required\"><span>D\u00edvida maior que R$ 3 milh\u00f5es<\/span><\/label><\/div><div class=\"jet-form-builder__field-wrap radio-wrap checkradio-wrap\"><label class=\"jet-form-builder__field-label for-radio\">\n<input type=\"radio\" name=\"tipo_divida\" value=\"maior_5mi\" data-field-name=\"tipo_divida\"  class=\"jet-form-builder__field radio-field checkradio-field\" required=\"required\"><span>D\u00edvidas maior que R$ 5 milh\u00f5es<\/span><\/label><\/div><\/div>\n<\/div>\n\n<div class=\"jet-form-builder__conditional \" data-jfb-conditional=\"[{&quot;operator&quot;:&quot;equal&quot;,&quot;value&quot;:&quot;maior_500mil&quot;,&quot;field&quot;:&quot;tipo_divida&quot;,&quot;use_preset&quot;:false}]\" data-jfb-func=\"show\">\n<div  class=\"jet-form-builder-row field-type-radio-field wp-block-jet-forms-radio-field\">\n<div class=\"jet-form-builder__label\">\r\n<div class=\"jet-form-builder__label-text\">Selecione uma op\u00e7\u00e3o <span class=\"jet-form-builder__required\">*<\/span><\/div><\/div><div class=\"jet-form-builder__fields-group checkradio-wrap\" data-jfb-sync><div class=\"jet-form-builder__field-wrap radio-wrap checkradio-wrap\"><label class=\"jet-form-builder__field-label for-radio\">\n<input type=\"radio\" name=\"opcao_divida\" value=\"menor_250mil_cpf\" data-field-name=\"opcao_divida\"  class=\"jet-form-builder__field radio-field checkradio-field\" required=\"required\"><span>D\u00edvida MENOR que R$ 250mil (Pessoa F\u00edsica CPF)<\/span><\/label><\/div><div class=\"jet-form-builder__field-wrap radio-wrap checkradio-wrap\"><label class=\"jet-form-builder__field-label for-radio\">\n<input type=\"radio\" name=\"opcao_divida\" value=\"maior_250mil_cnpj\" data-field-name=\"opcao_divida\"  class=\"jet-form-builder__field radio-field checkradio-field\" required=\"required\"><span>D\u00edvida MAIOR que R$ 250mil (Pessoa Jur\u00eddica CNPJ)<\/span><\/label><\/div><\/div>\n<\/div>\n<\/div>\n\n<div class=\"jet-form-builder__conditional \" data-jfb-conditional=\"[{&quot;operator&quot;:&quot;equal&quot;,&quot;value&quot;:&quot;maior_1mi&quot;,&quot;field&quot;:&quot;tipo_divida&quot;,&quot;use_preset&quot;:false},{&quot;__visible&quot;:false,&quot;or_operator&quot;:true},{&quot;operator&quot;:&quot;equal&quot;,&quot;value&quot;:&quot;maior_3mi&quot;,&quot;field&quot;:&quot;tipo_divida&quot;,&quot;use_preset&quot;:false},{&quot;__visible&quot;:false,&quot;or_operator&quot;:true},{&quot;operator&quot;:&quot;equal&quot;,&quot;value&quot;:&quot;maior_5mi&quot;,&quot;field&quot;:&quot;opcao_divida&quot;,&quot;use_preset&quot;:false}]\" data-jfb-func=\"show\">\n<div  class=\"jet-form-builder-row field-type-text-field\" >\n<div class=\"jet-form-builder__label\">\r\n<div class=\"jet-form-builder__label-text\">Nome Completo <span class=\"jet-form-builder__required\">*<\/span><\/div><\/div><div class=\"jet-form-builder__field-wrap\">\n\t\t\t\t<input required=\"required\" name=\"nome_lead\" id=\"nome_lead\" type=\"text\" data-field-name=\"nome_lead\" class=\"jet-form-builder__field text-field\" data-jfb-sync=\"null\" autocomplete=\"off_aiyplxsF\">\n\t\t\t\t\t<\/div>\n<\/div>\n\n<div  class=\"jet-form-builder-row field-type-text-field\" >\n<div class=\"jet-form-builder__label\">\r\n<div class=\"jet-form-builder__label-text\">Seu melhor e-mail <span class=\"jet-form-builder__required\">*<\/span><\/div><\/div><div class=\"jet-form-builder__field-wrap\">\n\t\t\t\t<input required=\"required\" name=\"email_lead\" id=\"email_lead\" type=\"email\" data-field-name=\"email_lead\" class=\"jet-form-builder__field text-field\" data-jfb-sync=\"null\" autocomplete=\"off_zgVKCG4M\">\n\t\t\t\t\t<\/div>\n<\/div>\n\n<div  class=\"jet-form-builder-row field-type-text-field\" >\n<div class=\"jet-form-builder__label\">\r\n<div class=\"jet-form-builder__label-text\">Telefone\/WhatsApp <span class=\"jet-form-builder__required\">*<\/span><\/div><\/div><div class=\"jet-form-builder__field-wrap\">\n\t\t\t\t<input required=\"required\" name=\"telefone_lead\" id=\"telefone_lead\" type=\"tel\" data-field-name=\"telefone_lead\" class=\"jet-form-builder__field text-field jet-form-builder__masked-field\" data-jfb-sync=\"null\" autocomplete=\"off_YvXywTIb\" data-inputmask=\"&#039;mask&#039;: &#039;(99) 99999-9999&#039;\" data-inputmask-placeholder=\"_\" data-inputmask-clearmaskonlostfocus=\"false\">\n\t\t\t\t\t<\/div>\n<\/div>\n\n\n<div class=\"wp-block-group is-layout-constrained wp-block-group-is-layout-constrained\"><div  class=\"jet-form-builder-row field-type-text-field\" >\n<div class=\"jet-form-builder__label\">\r\n<div class=\"jet-form-builder__label-text\">Cidade <span class=\"jet-form-builder__required\">*<\/span><\/div><\/div><div class=\"jet-form-builder__field-wrap\">\n\t\t\t\t<input required=\"required\" name=\"cidade_lead\" id=\"cidade_lead\" type=\"text\" data-field-name=\"cidade_lead\" class=\"jet-form-builder__field text-field\" data-jfb-sync=\"null\" autocomplete=\"off_092CvNUQ\">\n\t\t\t\t\t<\/div>\n<\/div>\n\n<div  class=\"jet-form-builder-row field-type-select-field wp-block-jet-forms-select-field\">\n<div class=\"jet-form-builder__label\">\r\n<div class=\"jet-form-builder__label-text\">Estado <span class=\"jet-form-builder__required\">*<\/span><\/div><\/div><div class=\"jet-form-builder__field-wrap\">\n\t<select class=\"jet-form-builder__field select-field\" required=\"required\" name=\"estado_lead\" data-field-name=\"estado_lead\" id=\"estado_lead\" data-jfb-sync=\"null\">\n\t\t<option value=\"\" selected=\"selected\">Selecione o Estado<\/option><option value=\"AC\" >AC<\/option><option value=\"AL\" >AL<\/option><option value=\"AM\" >AM<\/option><option value=\"AP\" >AP<\/option><option value=\"BA\" >BA<\/option><option value=\"CE\" >CE<\/option><option value=\"DF\" >DF<\/option><option value=\"ES\" >ES<\/option><option value=\"GO\" >GO<\/option><option value=\"MA\" >MA<\/option><option value=\"MG\" >MG<\/option><option value=\"MS\" >MS<\/option><option value=\"MT\" >MT<\/option><option value=\"PA\" >PA<\/option><option value=\"PB\" >PB<\/option><option value=\"PE\" >PE<\/option><option value=\"PI\" >PI<\/option><option value=\"PR\" >PR<\/option><option value=\"RJ\" >RJ<\/option><option value=\"RN\" >RN<\/option><option value=\"RO\" >RO<\/option><option value=\"RR\" >RR<\/option><option value=\"RS\" >RS<\/option><option value=\"RS\" >RS<\/option><option value=\"SC\" >SC<\/option><option value=\"SE\" >SE<\/option><option value=\"SP\" >SP<\/option><option value=\"TO\" >TO<\/option>\t<\/select>\n<\/div>\n<\/div><\/div>\n\n<\/div>\n\n<div class=\"jet-form-builder__conditional \" data-jfb-conditional=\"[{&quot;operator&quot;:&quot;equal&quot;,&quot;value&quot;:&quot;maior_1mi&quot;,&quot;field&quot;:&quot;tipo_divida&quot;,&quot;use_preset&quot;:false},{&quot;__visible&quot;:false,&quot;or_operator&quot;:true},{&quot;operator&quot;:&quot;equal&quot;,&quot;value&quot;:&quot;maior_3mi&quot;,&quot;field&quot;:&quot;tipo_divida&quot;,&quot;use_preset&quot;:false}]\" data-jfb-func=\"hide\">\n<div class=\"jet-form-builder__conditional \" data-jfb-conditional=\"[{&quot;operator&quot;:&quot;equal&quot;,&quot;value&quot;:&quot;menor_250mil_cpf&quot;,&quot;field&quot;:&quot;opcao_divida&quot;,&quot;use_preset&quot;:false}]\" data-jfb-func=\"show\">\n\n<div style='border:1px solid #2726D5; padding: 15px 30px; border-radius: 10px; background: #E1E1FF; color: #2726D5;'>\n<p>Agradecemos seu contato, mas <strong>n\u00e3o atendemos<\/strong> d\u00edvidas banc\u00e1rias de pessoa f\u00edsica (cpf) menor que R$ 500 mil.<\/p>\n<p><a style='background: #2726D5; color: #FFF; padding: 10px 25px; display: inline-block; margin-top: 15px; border-radius: 4px;' href=\"https:\/\/verumgrupo.com.br\">Conhe\u00e7a nosso site<\/a><\/p>\n<\/div>\n\n<\/div>\n<\/div>\n\n<div class=\"jet-form-builder__conditional \" data-jfb-conditional=\"[{&quot;operator&quot;:&quot;equal&quot;,&quot;value&quot;:&quot;menor_250mil_cpf&quot;,&quot;field&quot;:&quot;opcao_divida&quot;,&quot;use_preset&quot;:false}]\" data-jfb-func=\"hide\">\n<div  class=\"jet-form-builder-row field-type-submit-field\" >\n\t<div data-type=\"submit\" class=\"jet-form-builder__action-button-wrapper jet-form-builder__submit-wrap\">\n\t<button class=\"jet-form-builder__action-button jet-form-builder__submit submit-type-reload\" type=\"submit\">ENVIAR MENSAGEM<\/button>\n\t<\/div>\n\t\n<\/div>\n<\/div>\n\n\n<div class=\"wp-block-columns is-layout-flex wp-container-core-columns-is-layout-28f84493 wp-block-columns-is-layout-flex\">\n<div class=\"wp-block-column is-layout-flow wp-block-column-is-layout-flow\"><\/div>\n\n\n\n<div class=\"wp-block-column is-layout-flow wp-block-column-is-layout-flow\"><\/div>\n<\/div>\n\n\n\n<p><\/p>\n\n\n\n<p><\/p>\n\t<div class=\"jet-form-builder-messages-wrap\" data-form-id=\"1478\"><\/div>\n<\/form>\n\t\t\t\t<\/div>\n\t\t\t\t<\/div>\n\t\t\t\t\t<\/div>\n\t\t<\/div>\n\t\t\t\t\t<\/div>\n\t\t<\/section>\n\t\t<div class=\"elementor-element elementor-element-c3742dd e-flex e-con-boxed e-con e-parent\" data-id=\"c3742dd\" data-element_type=\"container\" data-e-type=\"container\">\n\t\t\t\t\t<div class=\"e-con-inner\">\n\t\t\t\t<div class=\"elementor-element elementor-element-0034680 elementor-widget elementor-widget-text-editor\" data-id=\"0034680\" data-element_type=\"widget\" data-e-type=\"widget\" data-widget_type=\"text-editor.default\">\n\t\t\t\t<div class=\"elementor-widget-container\">\n\t\t\t\t\t\t\t\t\t<p><span style=\"color: #000000;\"><a style=\"color: #000000;\" href=\"https:\/\/mobimkt.com.br\/\" target=\"_blank\" rel=\"noopener\">Mobimkt &#8211; Cria\u00e7\u00e3o de Sites e Landing Pages<\/a><\/span><\/p>\t\t\t\t\t\t\t\t<\/div>\n\t\t\t\t<\/div>\n\t\t\t\t\t<\/div>\n\t\t\t\t<\/div>\n\t\t\t\t<\/div>\n\t\t","protected":false},"excerpt":{"rendered":"<p>CADASTRO ATEN\u00c7\u00c3O Nossa empresa n\u00e3o realiza empr\u00e9stimos e s\u00f3 atendemos casos com D\u00cdVIDAS BANC\u00c1RIASmaiores que 500 mil reais. Selecione valor da sua d\u00edvida * D\u00edvidas maior que R$ 500mil D\u00edvida maior que R$ 1 milh\u00e3o D\u00edvida maior que R$ 3 milh\u00f5es Selecione uma op\u00e7\u00e3o * D\u00edvida MENOR que R$ 250mil (Pessoa F\u00edsica CPF) D\u00edvida MAIOR [&hellip;]<\/p>\n","protected":false},"author":2,"featured_media":0,"parent":0,"menu_order":0,"comment_status":"closed","ping_status":"closed","template":"elementor_header_footer","meta":{"footnotes":""},"class_list":["post-1214","page","type-page","status-publish","hentry"],"_links":{"self":[{"href":"https:\/\/verumgrupo.com.br\/reduza-as-suas-dividas-bancarias\/wp-json\/wp\/v2\/pages\/1214","targetHints":{"allow":["GET"]}}],"collection":[{"href":"https:\/\/verumgrupo.com.br\/reduza-as-suas-dividas-bancarias\/wp-json\/wp\/v2\/pages"}],"about":[{"href":"https:\/\/verumgrupo.com.br\/reduza-as-suas-dividas-bancarias\/wp-json\/wp\/v2\/types\/page"}],"author":[{"embeddable":true,"href":"https:\/\/verumgrupo.com.br\/reduza-as-suas-dividas-bancarias\/wp-json\/wp\/v2\/users\/2"}],"replies":[{"embeddable":true,"href":"https:\/\/verumgrupo.com.br\/reduza-as-suas-dividas-bancarias\/wp-json\/wp\/v2\/comments?post=1214"}],"version-history":[{"count":0,"href":"https:\/\/verumgrupo.com.br\/reduza-as-suas-dividas-bancarias\/wp-json\/wp\/v2\/pages\/1214\/revisions"}],"wp:attachment":[{"href":"https:\/\/verumgrupo.com.br\/reduza-as-suas-dividas-bancarias\/wp-json\/wp\/v2\/media?parent=1214"}],"curies":[{"name":"wp","href":"https:\/\/api.w.org\/{rel}","templated":true}]}}